d(p) = p**2 - 16*p + 3. Let k be ((-24)/(-5))/((-15)/(-50)). Calculate the remainder when d(k) is divided by 16/64*8/1.
1
Suppose -5*m + 4*b - 4 + 37 = 0, 3*m - 9 = -3*b. Suppose -m*i = v - 66, -4*v + 25 = 3*i - 1. Calculate the remainder when i is divided by (-1)/2*-4 + 3.
4
Let i(u) be the first derivative of -u**3/3 - 7*u**2 - 21*u + 21. Calculate the remainder when 118 is divided by i(-9).
22
Suppose 4*s + 5 - 45 = 0. Calculate the remainder when 39 is divided by s.
9
Suppose 3*m = -3*v + 4*m + 89, 2*v - 71 = 3*m. Let w(s) = -s**2 - 126*s - 1705. What is the remainder when w(-110) is divided by v?
27
Let z = -7 - -10. Let s = 38 - z. Calculate the remainder when s is divided by 6.
5
Calculate the remainder when 497 is divided by 20*8/((-40)/(-5)).
17
Let n be (-36)/63 + 6/(-14). Let b(r) = 10*r**2 + 2*r + 1. Let x be b(n). What is the remainder when 18 is divided by (-57)/(-9) + 6/x?
4
Suppose -9 = 3*c, 93 = 2*r - 3*c + 2*c. What is the remainder when (408/(-96))/(3/(-60)) is divided by r?
40
Suppose -22*a + 8*a + 224 = 0. Let p = -22 + 32. What is the remainder when a is divided by p?
6
Let j = -44 + 75. Let y be (-14*(-1)/(-2))/(-1). Let l(v) = v**2 - 6*v + 1. Calculate the remainder when j is divided by l(y).
7
What is the remainder when 58 is divided by (1 + -31)*4/(-8)?
13
Let q = -352 + 438. What is the remainder when q is divided by (-3)/(1*1/(-6))?
14
Let i(w) = w**2 - w - 7. Let v be i(-6). Suppose 3*r + p = -22 - 50, 3*r + 5*p = -60. Let a = r + v. What is the remainder when 18 is divided by a?
8
Let j be (-198)/(-27) - 1*(-4)/6. Suppose 0 = j*h - 10*h + 48. What is the remainder when h is divided by 13?
11
Let v(g) = 29*g + 833. What is the remainder when 194 is divided by v(-26)?
36
Let z be (28/(-6))/(1/3). Let r = 29 + z. Calculate the remainder when (-2)/4*(4 - 122) is divided by r.
14
Let o be 8/4 - -4 - 4. Suppose -b + o*b = -a + 18, -20 = -5*a. What is the remainder when b is divided by 5?
4
Suppose 16*y = 11*y + 10. Suppose -345 = -y*h - 81. What is the remainder when h is divided by 34?
30
Let z(g) = -2*g - 12. Let v be z(-6). Suppose -3*u - 3*s + 4*s + 334 = v, 2*u = -5*s + 251. Calculate the remainder when u is divided by 19.
18
Suppose -5*j - 19 = 4*i + 1, 4*j + 16 = 2*i. Suppose -2*q - 5*u = -21, -4*q - 2*u + 102 = -4*u. Calculate the remainder when q is divided by (i - (2 + -3))*6.
5
What is the remainder when 301*(148/28 + -5) is divided by 23?
17
Let t(p) = -p**2 + 67. Let w be t(0). Let r = w + 21. Suppose 7*o = 3*o + r. What is the remainder when 86 is divided by o?
20
Suppose -4*h - 4 = -5*h. Let m be -2*(-1)/(2/6). Let t = h + m. What is the remainder when t is divided by 4?
2
Let c(p) = -20*p + 9*p + 9*p + 18. What is the remainder when 117 is divided by c(-6)?
27
Let s = -1066 - -1094. Suppose -r - 4*r + 5 = 0. Calculate the remainder when s is divided by -1*(r - 2) + 9.
8
Suppose -2219*t + 2239*t = 2560. What is the remainder when 767 is divided by t?
127
Let z(y) = 2*y**2 + 1. Let g be z(-1). Suppose 2*s = -g*s + 35. Suppose -2*t + s = -9. What is the remainder when 21 is divided by t?
5
Let t = 37 - -23. Suppose 106*q = 1895 - 199. Calculate the remainder when t is divided by q.
12
Suppose -5*d + 3*d = 2*o + 8, -d - 1 = -2*o. What is the remainder when 109/6 + d/18 is divided by 5?
3
Calculate the remainder when ((-56)/6)/((-26)/78) is divided by 3.
1
Suppose -4*z + 45 = -3*z. Let t = z - 13. What is the remainder when (254 - 0)/(-2)*-1 is divided by t?
31
Let q = -284 + 327. What is the remainder when 83 is divided by q?
40
Let x(c) = 5*c**2 + 4*c. Let u be x(-3). Calculate the remainder when 129 is divided by u + 2 + -2 + 0.
30
Let l(a) = 7*a**2 - 2*a + 1. Let x(k) = 7*k - 1. Let p be x(-1). What is the remainder when l(-2) is divided by (9 + p)/(2/24)?
9
Let q be (-20)/(-4) - 5 - -102. Let w = -99 + q. Calculate the remainder when 6 is divided by w.
0
Suppose w = -w + 110. Let v be -4 + 2 + w + -1. Suppose -5*n + 408 = -v. What is the remainder when n is divided by 19?
16
Suppose -5*r - 5*r = -0*r. Let g(n) = -n**2 - 4*n + 28. Calculate the remainder when 101 is divided by g(r).
17
Suppose -3*w - 23 - 31 = 0. Let s = 19 - w. Calculate the remainder when s is divided by 1*(2 - 3)*-20.
17
Let w(u) = u**3 - 3*u**2 - 4*u + 14. Suppose 42 = -3*b + 7*b - 5*g, 0 = -5*b + 2*g + 44. What is the remainder when b is divided by w(3)?
0
Let p = 453 + -367. What is the remainder when 255 is divided by p?
83
Suppose -126 = -l - 38. Let v = -63 + l. What is the remainder when 99 is divided by v?
24
Suppose 3*g - 25 = 41. Calculate the remainder when 150 is divided by g.
18
Suppose g + 30 = 109. Suppose 3*x - g = 59. What is the remainder when x is divided by 24?
22
What is the remainder when 129 is divided by 13 - (-3 + -11 + 8)?
15
Let z(t) = -t**2 - 12*t - 14. Let d(o) = -o**3 + 10*o**2 - 10*o - 3. Let n be d(9). Let h = n + 16. What is the remainder when z(-9) is divided by h?
1
Suppose 5*x = 1410 + 70. Calculate the remainder when x is divided by 13.
10
Let g(i) = i + 9. Let p be g(-11). Let u be 9 - p/(6/(-3)). Suppose 25 = u*r - 3*r. Calculate the remainder when 12 is divided by r.
2
Suppose -n - 16 = -5*x + 3*n, x = 2*n + 2. Suppose 3*s + 9 + x = k, k = 2*s + 13. What is the remainder when 22 is divided by k?
9
Suppose -7*l = -5*l. Suppose l = -2*s - s + 15. Suppose s*g + 5*q = 90, -3*q = -5*g - 5*q + 84. What is the remainder when g is divided by 7?
2
Suppose -3*r - 4*j + 5 = 1, r + j - 2 = 0. Calculate the remainder when 59 is divided by 1 + (136/12 - r/12).
11
Suppose 0 = 2*q + 2*p - 40, -2*p - 11 = -2*q + q. Calculate the remainder when 81 is divided by q.
13
Let t be (1 + -3)/((-44)/(-990)). Suppose 3*a + 4*v + 80 = 0, -a - 3 - 25 = v. Let u = a - t. Calculate the remainder when 51 is divided by u.
12
Let r(s) = -3*s - 24. Suppose 14*j + 67 = -199. Calculate the remainder when 98 is divided by r(j).
32
Let y(a) = 84*a - 217. Calculate the remainder when y(6) is divided by 9.
8
Suppose 0*f + 2*f - 4 = 0. Calculate the remainder when 132/(-4)*(-2)/6 is divided by f.
1
Let x(s) = 2*s**3 - 30*s**2 + 59*s - 9. Calculate the remainder when 734 is divided by x(13).
78
Suppose -4*a = 4*s - 8, 4*a + 1 = -3*s + 2. Suppose -4*q + 57 + s = 0. Calculate the remainder when 94 is divided by (3/(-6) - -2)*q.
22
Suppose 912 = 3*r + r + 4*p, -1156 = -5*r - p. What is the remainder when r is divided by 17?
11
What is the remainder when ((-1)/(-2))/(((-88)/(-2208))/11) is divided by 4?
2
Let u be -30*(3 - 654/10). Let s be (-2)/(-10) - u/(-15). Let r = -63 + s. Calculate the remainder when r is divided by 16.
14
Suppose -7*m - 12 = -6*m. Let s be m/(-20) + 23/(-5). What is the remainder when (-65)/(-3) + s/6 is divided by 11?
10
Suppose 0 = 3*m - 5*m + 20. Let b = -91 - -137. Suppose 44*c = b*c - 78. What is the remainder when c is divided by m?
9
Let j(c) = 935*c**3 + 2*c**2 + 5*c - 5. What is the remainder when j(1) is divided by 14?
13
What is the remainder when (-3 + 223/4)*(6 - -2) is divided by 147?
128
What is the remainder when 1044 is divided by 32736/594 + 1/(-9)?
54
Suppose -j - 8 = -2*j. Let y(u) = -j*u - 4 + 0 - 8. What is the remainder when y(-7) is divided by 9?
8
Let b(m) = 3*m**2 + 8*m + 7. What is the remainder when 8 is divided by b(-1)?
0
Let i be ((-54)/8)/(2/16). Let l be ((-360)/(-25))/9*15/(-2). Calculate the remainder when 59 is divided by (-272)/(-9) - l/i.
29
Suppose 2*h + 4 = 48. Calculate the remainder when h is divided by 12.
10
Let s(a) be the third derivative of a**5/60 - 3*a**4/8 - 7*a**3/6 - 10*a**2. Calculate the remainder when 58 is divided by s(11).
13
Let a = -18 + 30. Suppose 9 = 4*w - 3. What is the remainder when w is divided by -1 + 1 + a/4?
0
Let o = 34 + -24. Suppose 5*y + 5*i + 30 = 0, -3*y - i = -0*y + 14. What is the remainder when -2 + (-128)/y - 1 is divided by o?
9
Let f = 5 + 24. Suppose -5*y + 3*w = -685, 0 = 2*y + 2*w + 2*w - 248. Let l = 218 - y. Calculate the remainder when l is divided by f.
26
Let f be 3 + -1*(-30)/(-3). Suppose -3*k - 12 = k. Let r = k - f. Calculate the remainder when 7 is divided by r.
3
Let j = -192 - -240. What is the remainder when 189 is divided by j?
45
Let g(y) = -443*y - 66. What is the remainder when g(-1) is divided by 76?
73
Let i be 